{"id":1799,"date":"2024-04-24T05:25:09","date_gmt":"2024-04-24T05:25:09","guid":{"rendered":"https:\/\/lafogataeditorial.com\/?product=la-historia-de-antes"},"modified":"2025-11-08T00:27:16","modified_gmt":"2025-11-08T00:27:16","slug":"la-historia-de-antes","status":"publish","type":"product","link":"https:\/\/lafogataeditorial.com\/?product=la-historia-de-antes","title":{"rendered":"La historia de antes: La voz de Fabio V\u00e1zquez Casta\u00f1o"},"content":{"rendered":"<p><span class=\"relative -mx-px my-[-0.2rem] rounded px-px py-[0.2rem] transition-colors duration-100 ease-in-out\">Este libro recoge las memorias de Fabio V\u00e1squez Casta\u00f1o, primer comandante del ELN, narradas por Antonio Garc\u00eda.<\/span> <span class=\"relative -mx-px my-[-0.2rem] rounded px-px py-[0.2rem] transition-colors duration-100 ease-in-out\">Se exploran los inicios de la guerrilla, sus motivaciones y el contexto hist\u00f3rico que dio lugar a su surgimiento.<\/span> <span class=\"relative -mx-px my-[-0.2rem] rounded px-px py-[0.2rem] transition-colors duration-100 ease-in-out\">Una pieza clave para entender la historia reciente de Colombia.<\/span>\u200b<\/p>\n","protected":false},"excerpt":{"rendered":"<p>Narraci\u00f3n sobre los or\u00edgenes del ELN desde la voz de su primer comandante.<\/p>\n","protected":false},"featured_media":1911,"template":"","meta":[],"product_brand":[],"product_cat":[35],"product_tag":[],"class_list":{"0":"post-1799","1":"product","2":"type-product","3":"status-publish","4":"has-post-thumbnail","6":"product_cat-politica-y-sociedad","8":"first","9":"instock","10":"shipping-taxable","11":"product-type-simple"},"jetpack_sharing_enabled":true,"_links":{"self":[{"href":"https:\/\/lafogataeditorial.com\/index.php?rest_route=\/wp\/v2\/product\/1799","targetHints":{"allow":["GET"]}}],"collection":[{"href":"https:\/\/lafogataeditorial.com\/index.php?rest_route=\/wp\/v2\/product"}],"about":[{"href":"https:\/\/lafogataeditorial.com\/index.php?rest_route=\/wp\/v2\/types\/product"}],"wp:featuredmedia":[{"embeddable":true,"href":"https:\/\/lafogataeditorial.com\/index.php?rest_route=\/wp\/v2\/media\/1911"}],"wp:attachment":[{"href":"https:\/\/lafogataeditorial.com\/index.php?rest_route=%2Fwp%2Fv2%2Fmedia&parent=1799"}],"wp:term":[{"taxonomy":"product_brand","embeddable":true,"href":"https:\/\/lafogataeditorial.com\/index.php?rest_route=%2Fwp%2Fv2%2Fproduct_brand&post=1799"},{"taxonomy":"product_cat","embeddable":true,"href":"https:\/\/lafogataeditorial.com\/index.php?rest_route=%2Fwp%2Fv2%2Fproduct_cat&post=1799"},{"taxonomy":"product_tag","embeddable":true,"href":"https:\/\/lafogataeditorial.com\/index.php?rest_route=%2Fwp%2Fv2%2Fproduct_tag&post=1799"}],"curies":[{"name":"wp","href":"https:\/\/api.w.org\/{rel}","templated":true}]}}