{"id":1797,"date":"2018-04-24T05:25:08","date_gmt":"2018-04-24T05:25:08","guid":{"rendered":"https:\/\/lafogataeditorial.com\/?product=el-asesinato-de-la-verdad"},"modified":"2025-11-08T00:28:25","modified_gmt":"2025-11-08T00:28:25","slug":"el-asesinato-de-la-verdad","status":"publish","type":"product","link":"https:\/\/lafogataeditorial.com\/?product=el-asesinato-de-la-verdad","title":{"rendered":"El asesinato de la verdad. Aram Aharonian"},"content":{"rendered":"<p><span class=\"relative -mx-px my-[-0.2rem] rounded px-px py-[0.2rem] transition-colors duration-100 ease-in-out\">Aram Aharonian analiza el panorama medi\u00e1tico actual, marcado por la concentraci\u00f3n de medios y la manipulaci\u00f3n informativa.<\/span> <span class=\"relative -mx-px my-[-0.2rem] rounded px-px py-[0.2rem] transition-colors duration-100 ease-in-out\">El autor propone alternativas desde la comunicaci\u00f3n popular, destacando la importancia de construir una narrativa propia y aut\u00e9ntica.<\/span> <span class=\"relative -mx-px my-[-0.2rem] rounded px-px py-[0.2rem] transition-colors duration-100 ease-in-out\">Un llamado a democratizar la informaci\u00f3n y empoderar a las comunidades.<\/span><\/p>\n","protected":false},"excerpt":{"rendered":"<p>Reflexiones sobre la democratizaci\u00f3n de la comunicaci\u00f3n y las nuevas formas de control medi\u00e1tico.<\/p>\n","protected":false},"featured_media":1924,"template":"","meta":[],"product_brand":[],"product_cat":[37,35],"product_tag":[],"class_list":{"0":"post-1797","1":"product","2":"type-product","3":"status-publish","4":"has-post-thumbnail","6":"product_cat-nuestra-america","7":"product_cat-politica-y-sociedad","9":"first","10":"instock","11":"shipping-taxable","12":"product-type-simple"},"jetpack_sharing_enabled":true,"_links":{"self":[{"href":"https:\/\/lafogataeditorial.com\/index.php?rest_route=\/wp\/v2\/product\/1797","targetHints":{"allow":["GET"]}}],"collection":[{"href":"https:\/\/lafogataeditorial.com\/index.php?rest_route=\/wp\/v2\/product"}],"about":[{"href":"https:\/\/lafogataeditorial.com\/index.php?rest_route=\/wp\/v2\/types\/product"}],"wp:featuredmedia":[{"embeddable":true,"href":"https:\/\/lafogataeditorial.com\/index.php?rest_route=\/wp\/v2\/media\/1924"}],"wp:attachment":[{"href":"https:\/\/lafogataeditorial.com\/index.php?rest_route=%2Fwp%2Fv2%2Fmedia&parent=1797"}],"wp:term":[{"taxonomy":"product_brand","embeddable":true,"href":"https:\/\/lafogataeditorial.com\/index.php?rest_route=%2Fwp%2Fv2%2Fproduct_brand&post=1797"},{"taxonomy":"product_cat","embeddable":true,"href":"https:\/\/lafogataeditorial.com\/index.php?rest_route=%2Fwp%2Fv2%2Fproduct_cat&post=1797"},{"taxonomy":"product_tag","embeddable":true,"href":"https:\/\/lafogataeditorial.com\/index.php?rest_route=%2Fwp%2Fv2%2Fproduct_tag&post=1797"}],"curies":[{"name":"wp","href":"https:\/\/api.w.org\/{rel}","templated":true}]}}